 + 3*c + 138 = 0, -2*p + 0*p = -3*c + 72. Is ((-364)/30 + 6/p)*-3 a prime number?
True
Suppose 3*n = 4*s - 1, 2*n + s + 12 = -7. Let h(m) = -7*m + 4. Is h(n) prime?
True
Suppose -3*n = -y - 207 + 20, -15 = -3*y. Let m be (298/(-8))/((-16)/n). Let d = m + -22. Is d composite?
False
Is 1/9 - (-3888912)/54 a composite number?
True
Let d(r) = -4*r**2. Let u(m) = m**3 - 10*m**2 + m - 9. Let s be u(10). Let g be d(s). Let v = g + 39. Is v a prime number?
False
Let i = 233 - 25. Let n = i + 585. Suppose -3*o = -830 - n. Is o a prime number?
True
Is (-3 - -4)/((-3)/(-1179)) a prime number?
False
Suppose 3*o + 16973 - 4301 = u, 5*o + 4*u = -21137. Let w = o - -7820. Is w a prime number?
False
Let x = 37 + -34. Suppose 4*m + 2*t - x*t = 310, 0 = -t - 2. Is m a composite number?
True
Let s be ((-3)/(-2) + -1)*0. Let p be (-10514)/(-14) + (s - 0). Suppose 5*w - 947 = -4*i, 4*w + i = -0*w + p. Is w prime?
False
Suppose 0*a - 2*a = 10. Let h(i) be the second derivative of -61*i**3/6 + i**2 - 5*i - 6. Is h(a) prime?
True
Let k(y) be the first derivative of y**4/4 - y**2/2 + 2*y - 6. Let o be k(0). Let f(m) = 118*m**2 - 3*m + 3. Is f(o) prime?
False
Let t = -1210 + 2108. Is t prime?
False
Suppose -4*n = -5*n - 4175. Is -2 + 6 + n/(-5) composite?
False
Let c(o) = -o**2 - 9*o + 22. Let k be c(-10). Let t(i) = 182*i - 31. Is t(k) composite?
False
Let v be (1 + 283)*190/152. Suppose 11*t = 16*t - v. Is t a prime number?
True
Let x = 0 - -4. Suppose h - 4*b = 1804, 0*h + 4*b = x*h - 7264. Suppose 2*f - 1450 = -4*i + 4*f, -5*f - h = -5*i. Is i a composite number?
True
Let l(t) = 547*t + 59. Is l(14) composite?
False
Suppose 10 = -0*s - 5*s, -3*a = -2*s + 32. Let k be ((-252)/9)/((-1)/a). Is 1/((-4)/k) + 1 a prime number?
False
Let m(i) be the first derivative of -i**3/3 - 5*i**2 - 8*i - 3. Let z be m(-6). Let h = z - 9. Is h a composite number?
False
Let h be 5/(-1 - (-5)/4). Is (h/(-15))/(2/(-3)) + 1185 a prime number?
True
Let g(d) = 30*d**3 + 16*d**2 - 5*d + 3. Is g(4) composite?
True
Suppose 18*l - 12*l = 131766. Is l a composite number?
False
Suppose 0 = l - 2*l - 84. Is 2 - 3 - (l + 6) prime?
False
Let y = -1652 - -5559. Is y prime?
True
Suppose -26766 = -3*f - 1665. Is f prime?
False
Let c(d) = -64*d + 6. Let q be c(-5). Suppose 1431 - q = 5*v. Is v a prime number?
False
Suppose 4*q - 1 + 5 = 0. Let y(x) = -52*x. Let g be y(q). Is 316*(-3 + g/16) composite?
False
Suppose 0 = 8*z + 10024 - 30672. Is z composite?
True
Suppose -33*n = n - 342686. Is n a prime number?
True
Suppose 2*d + 4 = -5*y + 3*y, 5*d + 4 = y. Is d/(1/(-17))*11 a composite number?
True
Let x(j) = -j + 1. Let l be x(3). Is (l/4)/((-16)/43552) a prime number?
True
Suppose 11*a - 44466 = 5*a. Is a prime?
True
Let h be (-6854)/12 + (-3 - (-57)/18). Is ((-26)/(-8) - 3) + h/(-4) composite?
True
Suppose c + 4*m + 0 = -4, -5*c + 3 = -3*m. Suppose c = -v - 2 + 5. Suppose 4*f - 5*z = 2698, -v*f + 6*f + 5*z = 2041. Is f a prime number?
True
Let c(u) = -u**3 - 7*u**2 - 8*u. Let z be c(-6). Suppose 0 = j + 7 + z. Let k = 30 + j. Is k a prime number?
True
Let m(c) be the second derivative of 1363*c**4/12 + c**3/3 - 25*c. Is m(-1) prime?
True
Suppose -82*n - 13372 = -84*n. Let r = n - 4705. Is r prime?
False
Suppose 2*r - 2*f + 5*f = 18, 5*r + f = 19. Suppose r*n + 77 - 308 = 0. Is n composite?
True
Is (-6083 + 5)*(-3 - 5/(-2)) a prime number?
False
Let r = 5 + 19. Suppose -z + r = -9. Is z prime?
False
Let k(l) be the first derivative of l**3 + 63*l**2/2 + l + 14. Is k(-26) prime?
False
Is 188*((-15060)/40)/(-7 - -1) a composite number?
True
Suppose -48 = -2*h - h. Is 6/h - 34180/(-160) a composite number?
True
Is -4 - 22/(286/(-55575)) composite?
False
Suppose -g + 8 = n, 0 = -3*g + 8*g + 2*n - 25. Suppose g*y = d + 3*d - 25, 0 = -5*d - 5*y + 5. Is ((-1547)/(-14))/(2/d) prime?
False
Let y = 15110 + -5799. Is y a composite number?
False
Is (4 - 1)*(-3638)/(-51) composite?
True
Let q(v) = -2 - v + 0*v + 362*v**2 + 276*v**2 - 84*v**2. Is q(-1) composite?
True
Let x(z) = -27 + 20 + 4*z + 5*z**2 - 2*z**3 - 7*z**3. Is x(-3) composite?
False
Suppose -5*k + 5*c + 599510 = 0, -4*k + 119905 = -3*k - 4*c. Is 2/(-11) + k/187 composite?
False
Suppose 2*z - 6*z = 24. Let a = z - -8. Is (a - 6/4)*62 a composite number?
False
Suppose -5*f = -0*f - 290. Suppose 454 = 4*u + f. Suppose -x + u = 2*x. Is x a prime number?
False
Suppose 5*t - 5*i = 6375, 0 = -7*t + 11*t + 3*i - 5114. Is t prime?
True
Let l = 7193 - 1812. Is l a prime number?
True
Let t = -10 - -26. Suppose -f + 2 = -2*w, 4*w - t = 2*f - 5*f. Suppose f*k = d + 240, 5*k + 3*d = 2*d + 291. Is k a prime number?
True
Let g(z) = 6*z**2 - 3*z + 2. Let i be g(1). Suppose 5*h + 100 = u - 608, -4*u + i*h + 2907 = 0. Is u prime?
True
Suppose -52*i = -47*i - f - 3754, 756 = i + 5*f. Is i prime?
True
Let h be (0 - 0)*(-7 - -8) - 8. Is 21/(-28) - 7934/h a composite number?
False
Let j = -12939 + 52300. Is j a prime number?
False
Let h(s) = 935*s - 7. Let j be h(-6). Let z = -3736 - j. Suppose 5*r = 4*x + z, 3 + 1 = 4*x. Is r a prime number?
False
Let g(t) = -t**3 - 13*t**2 + 16*t + 3. Let z be g(-14). Let s = 168 - z. Let w = s - 87. Is w a prime number?
False
Let p(u) = -8*u - 41. Let o be p(-5). Let g(m) = -5060*m + 5. Is g(o) a composite number?
True
Let x(p) = 52*p - 66. Let q(h) = 10*h - 1. Let r be q(2). Is x(r) a prime number?
False
Suppose 4*t + p = 37, 3*t - 3*p - 14 = -p. Let j(s) = 2*s**2 + 2*s + 0 - s - 5*s - 1. Is j(t) prime?
False
Suppose 4*c - 4*d = 32588, 6*d - 10*d = -c + 8141. Is c prime?
False
Let l = 9064 + -6069. Is l prime?
False
Is (2/3)/((-2)/(-9474)) a composite number?
True
Suppose 5*o + t = 24, 5*t - 25 + 5 = 0. Is (o + -122)*1/(-1) a composite number?
True
Let c(y) = y**3 - 20*y**2 + 36*y - 431. Is c(29) a prime number?
False
Let j = -6106 - -22055. Is j a composite number?
True
Suppose 5*b = 5*m + 10, 2*b - 4*m + 0*m + 6 = 0. Let c(p) = 1 + 35*p - 7 - 5 + 5. Is c(b) a prime number?
True
Suppose -2*z = 3*c - 37113, -6*c = -3*c - 4*z - 37131. Is c a prime number?
True
Suppose -10 = -w - 2*r, 0 = 3*w - 0*w - 4*r + 20. Suppose t = -t + 8, -4*p - t + 4 = w. Suppose 0 = -3*a + 5*d - p*d + 558, -3*a = -4*d - 561. Is a prime?
True
Suppose 0 = 2*q + 3*z - 323, 4 = -3*z + 1. Is q a composite number?
False
Suppose 14*z = 4*b + 11*z - 23, 2*b = -z - 1. Let w(l) = 99*l + 7. Is w(b) a composite number?
True
Suppose -72*c = -67*c + 10, 295035 = 5*r - 5*c. Is r prime?
False
Suppose -11*o + 17 = -5. Suppose -154 = a - 3*a. Suppose -o*d = -29 - a. Is d composite?
False
Let d = -3285 - -1469. Let q = d + 6017. Is q composite?
False
Let s = 107 - 2. Let m = s - -212. Is m a composite number?
False
Let x = 107047 + -76260. Is x a composite number?
True
Is (3 - -8364)*(-4)/(-12) a composite number?
False
Let o be (-6)/(161/672 + 2/(-6)). Let p = o + -6. Is p prime?
False
Let o be 326/18 + (-8)/72. Is 4226/8 + o/24 composite?
True
Let a be 2 + (2 - 2) - 0. Suppose -a*d = -6*d. Suppose -3*r - 2*r + 1055 = d. Is r a prime number?
True
Let h(g) = 3*g - 8. Let x be h(3). Suppose -o = -x, -f - 3*o = -110 + 30. Is f composite?
True
Let b(l) = 11*l**2 + 3*l - 4. Let v be b(-3). Suppose 3*w = -z + v + 46, -117 = -z + 2*w. Let g = z + -74. Is g prime?
False
Let k(g) = -6*g**2 + 9*g - 8. Let d(v) = 3*v**2 - 4*v + 4. Let u(n) = 7*d(n) + 3*k(n). Suppose 2*x - 7*x = 5*q, 24 = -3*q + 5*x. Is u(q) a prime number?
False
Let w(l) = 23*l**2 - 14*l + 37. Is w(9) a composite number?
True
Let q = 1355 + 26. Is q a prime number?
True
Let o = -25 - -50. Is 39/10*14 - (-10)/o a composite number?
True
Suppose -2*d + t - 75 = 19, 249 = -5*d - t. Let y = 78 - d. Suppose 0 = -3*k + y + 584. Is k composite?
True
Suppose -221045 - 181469 = -14*a. Is a a prime number?
True
Let y = 91850 - 44295. Is y a prime number?
False
Suppose 0 = -3*u - 5*z + 29, 0*u - 4*z + 7 = -3*u. Suppose -56 = -31*j + 17*j. Suppose -n + 6 = -r - r, -j*r + 38 = u*n. Is n composite?
True
Let u(x) = 16*x**3 + 3*x**2 + 2*x + 3. Let v = 7 + -3. Let y be u(v). Suppose 5*n = y - 238. Is n prime?
False
Let r(y) = -y**3 - 8*y**2 - 41*y - 2. Let b be r(-11). Suppose -4*q + 13 = 1. Suppose b = -q*s + 7*s. Is s composite?
True
Let x(b) = -7*b**3 - 3*b + 1. Let v be x(-3). Let d(a) = -4*a**3 + 2*a**2 + a + 2. Let c be d(2). Let 